{"id":1234,"date":"2013-03-22T11:57:39","date_gmt":"2013-03-22T10:57:39","guid":{"rendered":"http:\/\/www.archiviostoricodiocesibg.it\/blog\/?page_id=1234"},"modified":"2024-03-28T17:59:29","modified_gmt":"2024-03-28T16:59:29","slug":"pubblicazioni-paolo-gabriele-nobili-2","status":"publish","type":"page","link":"https:\/\/www.archiviostoricodiocesibg.it\/en\/studi\/pubblicazioni\/pubblicazioni-paolo-gabriele-nobili-2\/","title":{"rendered":"Pubblicazioni &#8211; Paolo Gabriele Nobili"},"content":{"rendered":"<h3><img loading=\"lazy\" decoding=\"async\" class=\"aligncenter size-full wp-image-1181\" alt=\"Front.Nobili\" src=\"http:\/\/www.archiviostoricodiocesibg.it\/blog\/wp-content\/uploads\/2013\/03\/Front.Nobili.jpg\" width=\"200\" height=\"300\" \/><\/h3>\n<h3>\u00abFiscalit\u00e0 signorile e comune rurale: Calusco d\u2019Adda a inizio XIII secolo\u00bb, in \u201cArchivio Storico Italiano\u201d, a. CLXVIII d. IV n. 626 (2010), pp. 679-706<\/h3>\n<p><strong>Autore<\/strong><\/p>\n<blockquote>\n<p style=\"text-align: justify\">Paolo Gabriele Nobili (Milano, 1972), laureatosi in Scienze Politiche prima e in Storia poi, ha conseguito il Dottorato di ricerca in Storia Medievale presso l\u2019Universit\u00e0 degli Studi di Milano (2009) e si occupa di medioevo lombardo e bergamasco in particolare. Ha pubblicato sia monografie storiche sia saggi su periodici specialistici quali \u201cArchivio Storico Italiano\u201d, \u201cBergomum\u201d, \u201cNuova Rivista Storica\u201d, \u201cQuaderni di Archivio Bergamasco\u201d, \u201cReti Medievali Rivista\u201d. Predilige lo studio di fonti inedite \u2013 pergamene e registri notarili \u2013 di XII-XIV secolo, interessandosi di temi quali organizzazione del territorio e insediamento nel contado, fiscalit\u00e0 ed economie rurali, linguaggi e identit\u00e0 delle comunit\u00e0 locali.<strong><\/strong><\/p>\n<\/blockquote>\n<p><strong>Profilo dell&#8217;opera<\/strong><\/p>\n<blockquote>\n<p style=\"text-align: justify\">Avvalendosi delle pergamene dell\u2019Archivio Capitolare di Bergamo conservate presso l\u2019Archivio Storico Diocesano, lo studio prende in esame la signoria del Capitolo Canonicale di San Vincenzo sulla localit\u00e0 di Calusco d\u2019Adda nel primo XIII secolo. Due sono gli aspetti che vengono considerati in particolare, la raccolta della tassazione privata dei canonici effettuata in base alla ricchezza della popolazione e l\u2019organizzazione del locale comune rurale, sorto proprio in quel periodo. Attraverso i suoi ufficiali la nuova istituzione dei rustici esercita un ruolo di mediazione da un lato coi domini, non soltanto in materia fiscale, dall\u2019altro con le primeggianti istituzioni del comune di Bergamo. Il caso \u00e8 un interessante esempio di assimilazione tra le procedure di esazione attuate dagli agenti del Capitolo e quelle impiegate nel distretto dagli amministratori cittadini, entrambe modellate sul fodrum urbano.<\/p>\n<\/blockquote>\n<p style=\"text-align: justify\"><div class='hr '><\/div>\n<p style=\"text-align: justify\"><a href=\"http:\/\/www.archiviostoricodiocesibg.it\/blog\/wp-content\/uploads\/2013\/03\/Articolo_Paolo_Nobili-2.pdf\">a. CLXVIII d. IV n. 626 (2010), pp. 679-706<\/a><\/p>","protected":false},"excerpt":{"rendered":"<p>\u00abFiscalit\u00e0 signorile e comune rurale: Calusco d\u2019Adda a inizio XIII secolo\u00bb, in \u201cArchivio Storico Italiano\u201d, a. CLXVIII d. IV n. 626 (2010), pp. 679-706 Autore Paolo Gabriele Nobili (Milano, 1972), laureatosi in Scienze Politiche prima e in Storia poi, ha conseguito il Dottorato di ricerca in Storia Medievale presso l\u2019Universit\u00e0 degli Studi di Milano (2009) [&hellip;]<\/p>\n","protected":false},"author":2,"featured_media":0,"parent":235,"menu_order":12,"comment_status":"closed","ping_status":"closed","template":"","meta":{"footnotes":""},"class_list":["post-1234","page","type-page","status-publish","hentry"],"_links":{"self":[{"href":"https:\/\/www.archiviostoricodiocesibg.it\/en\/wp-json\/wp\/v2\/pages\/1234","targetHints":{"allow":["GET"]}}],"collection":[{"href":"https:\/\/www.archiviostoricodiocesibg.it\/en\/wp-json\/wp\/v2\/pages"}],"about":[{"href":"https:\/\/www.archiviostoricodiocesibg.it\/en\/wp-json\/wp\/v2\/types\/page"}],"author":[{"embeddable":true,"href":"https:\/\/www.archiviostoricodiocesibg.it\/en\/wp-json\/wp\/v2\/users\/2"}],"replies":[{"embeddable":true,"href":"https:\/\/www.archiviostoricodiocesibg.it\/en\/wp-json\/wp\/v2\/comments?post=1234"}],"version-history":[{"count":1,"href":"https:\/\/www.archiviostoricodiocesibg.it\/en\/wp-json\/wp\/v2\/pages\/1234\/revisions"}],"predecessor-version":[{"id":6842,"href":"https:\/\/www.archiviostoricodiocesibg.it\/en\/wp-json\/wp\/v2\/pages\/1234\/revisions\/6842"}],"up":[{"embeddable":true,"href":"https:\/\/www.archiviostoricodiocesibg.it\/en\/wp-json\/wp\/v2\/pages\/235"}],"wp:attachment":[{"href":"https:\/\/www.archiviostoricodiocesibg.it\/en\/wp-json\/wp\/v2\/media?parent=1234"}],"curies":[{"name":"wp","href":"https:\/\/api.w.org\/{rel}","templated":true}]}}

<h3><img loading="lazy" decoding="async" class="aligncenter size-full wp-image-1181" alt="Front.Nobili" src="http://www.archiviostoricodiocesibg.it/blog/wp-content/uploads/2013/03/Front.Nobili.jpg" width="200" height="300" /></h3>
<h3>«Fiscalità signorile e comune rurale: Calusco d’Adda a inizio XIII secolo», in “Archivio Storico Italiano”, a. CLXVIII d. IV n. 626 (2010), pp. 679-706</h3>
<p><strong>Autore</strong></p>
<blockquote>
<p style="text-align: justify">Paolo Gabriele Nobili (Milano, 1972), laureatosi in Scienze Politiche prima e in Storia poi, ha conseguito il Dottorato di ricerca in Storia Medievale presso l’Università degli Studi di Milano (2009) e si occupa di medioevo lombardo e bergamasco in particolare. Ha pubblicato sia monografie storiche sia saggi su periodici specialistici quali “Archivio Storico Italiano”, “Bergomum”, “Nuova Rivista Storica”, “Quaderni di Archivio Bergamasco”, “Reti Medievali Rivista”. Predilige lo studio di fonti inedite – pergamene e registri notarili – di XII-XIV secolo, interessandosi di temi quali organizzazione del territorio e insediamento nel contado, fiscalità ed economie rurali, linguaggi e identità delle comunità locali.<strong></strong></p>
</blockquote>
<p><strong>Profilo dell&#8217;opera</strong></p>
<blockquote>
<p style="text-align: justify">Avvalendosi delle pergamene dell’Archivio Capitolare di Bergamo conservate presso l’Archivio Storico Diocesano, lo studio prende in esame la signoria del Capitolo Canonicale di San Vincenzo sulla località di Calusco d’Adda nel primo XIII secolo. Due sono gli aspetti che vengono considerati in particolare, la raccolta della tassazione privata dei canonici effettuata in base alla ricchezza della popolazione e l’organizzazione del locale comune rurale, sorto proprio in quel periodo. Attraverso i suoi ufficiali la nuova istituzione dei rustici esercita un ruolo di mediazione da un lato coi domini, non soltanto in materia fiscale, dall’altro con le primeggianti istituzioni del comune di Bergamo. Il caso è un interessante esempio di assimilazione tra le procedure di esazione attuate dagli agenti del Capitolo e quelle impiegate nel distretto dagli amministratori cittadini, entrambe modellate sul fodrum urbano.</p>
</blockquote>
<p style="text-align: justify"><div class='hr '></div>
<p style="text-align: justify"><a href="http://www.archiviostoricodiocesibg.it/blog/wp-content/uploads/2013/03/Articolo_Paolo_Nobili-2.pdf">a. CLXVIII d. IV n. 626 (2010), pp. 679-706</a></p>

<p>«Fiscalità signorile e comune rurale: Calusco d’Adda a inizio XIII secolo», in “Archivio Storico Italiano”, a. CLXVIII d. IV n. 626 (2010), pp. 679-706 Autore Paolo Gabriele Nobili (Milano, 1972), laureatosi in Scienze Politiche prima e in Storia poi, ha conseguito il Dottorato di ricerca in Storia Medievale presso l’Università degli Studi di Milano (2009) [&hellip;]</p>
