{"id":744,"date":"2013-03-14T13:43:34","date_gmt":"2013-03-14T12:43:34","guid":{"rendered":"http:\/\/www.archiviostoricodiocesibg.it\/blog\/?page_id=744"},"modified":"2024-03-28T17:59:29","modified_gmt":"2024-03-28T16:59:29","slug":"tesi-stefano-pagliaroli","status":"publish","type":"page","link":"https:\/\/www.archiviostoricodiocesibg.it\/en\/studi\/tesi\/tesi-stefano-pagliaroli\/","title":{"rendered":"Tesi &#8211; Stefano Pagliaroli"},"content":{"rendered":"<img loading=\"lazy\" decoding=\"async\" class=\"aligncenter size-full wp-image-738\" alt=\"Tesi-Pagliaroli\" src=\"http:\/\/www.archiviostoricodiocesibg.it\/blog\/wp-content\/uploads\/2013\/03\/Tesi-Pagliaroli.png\" width=\"208\" height=\"308\" \/><\/p>\n<h3>Nascita e sviluppo delle organizzazioni operaie e contadine a Bergamo e provincia (1860-1910)<\/h3>\n<p><strong>Autore<\/strong><\/p>\n<blockquote>\n<p style=\"text-align: justify\">Pagliaroli Stefano \u00e8 nato ad Alzano Lombardo il 25 maggio 1982. Dopo gli studi obbligatori, ha frequentato il Liceo Edoardo Amaldi di Alzano Lombardo. Conseguita la maturit\u00e0, si si \u00e8 iscritto al corso di laurea triennale in scienze storiche presso l&#8217;Universit\u00e0 degli Studi di Milano, dove, ottenuta la laurea triennale, ha proseguito nel suo percorso di studi, iscrivendosi al corso di laurea magistrale in storia e documentazione storica. Si \u00e8 laureato nell&#8217;anno accademico 2009\/2010.<\/p>\n<\/blockquote>\n<p><strong>Abstract<\/strong><\/p>\n<blockquote>\n<p style=\"text-align: justify\">In questo suo scritto l&#8217;autore cerca di offrire una panoramica delle organizzazioni operaie e contadine che sorsero sul territorio di Bergamo e provincia, nel periodo compreso tra il 1860 e il 1910; periodo durante il quale vennero gettate le basi dei due movimenti sindacali &#8220;bianco&#8221; e &#8220;rosso&#8221;. La fitta rete che venne creata era infatti composta da due componenti: quella cattolica, che sar\u00e0 predominante, e quella socialista, che, bench\u00e9 marginale, seppe ritagliarsi un suo spazio di manovra.<br \/>\nNel lavoro di ricerca \u00e8 stato di fondamentale importanza, per quanto concerne le organizzazioni promosse dai cattolici, il Fondo Nicol\u00f2 Rezzara che si trova presso l&#8217;Archivio Storico della Diocesi di Bergamo, il quale contiene importanti documenti quali: una vasta raccolta di Statuti di molte associazioni promosse dai cattolici; bollettini di associazioni varie; elenchi e statistiche redatte dalle varie unioni.<\/p>\n<\/blockquote>\n<div class='hr '><\/div>\n<p><a href=\"http:\/\/www.archiviostoricodiocesibg.it\/blog\/wp-content\/uploads\/2013\/03\/Pagliaroli-Indice-introduzione1.pdf\">Scarica l&#8217;indice e l&#8217;introduzione<\/a>","protected":false},"excerpt":{"rendered":"<p>Nascita e sviluppo delle organizzazioni operaie e contadine a Bergamo e provincia (1860-1910) Autore Pagliaroli Stefano \u00e8 nato ad Alzano Lombardo il 25 maggio 1982. Dopo gli studi obbligatori, ha frequentato il Liceo Edoardo Amaldi di Alzano Lombardo. Conseguita la maturit\u00e0, si si \u00e8 iscritto al corso di laurea triennale in scienze storiche presso l&#8217;Universit\u00e0 [&hellip;]<\/p>\n","protected":false},"author":2,"featured_media":0,"parent":233,"menu_order":9,"comment_status":"closed","ping_status":"closed","template":"","meta":{"footnotes":""},"class_list":["post-744","page","type-page","status-publish","hentry"],"_links":{"self":[{"href":"https:\/\/www.archiviostoricodiocesibg.it\/en\/wp-json\/wp\/v2\/pages\/744","targetHints":{"allow":["GET"]}}],"collection":[{"href":"https:\/\/www.archiviostoricodiocesibg.it\/en\/wp-json\/wp\/v2\/pages"}],"about":[{"href":"https:\/\/www.archiviostoricodiocesibg.it\/en\/wp-json\/wp\/v2\/types\/page"}],"author":[{"embeddable":true,"href":"https:\/\/www.archiviostoricodiocesibg.it\/en\/wp-json\/wp\/v2\/users\/2"}],"replies":[{"embeddable":true,"href":"https:\/\/www.archiviostoricodiocesibg.it\/en\/wp-json\/wp\/v2\/comments?post=744"}],"version-history":[{"count":1,"href":"https:\/\/www.archiviostoricodiocesibg.it\/en\/wp-json\/wp\/v2\/pages\/744\/revisions"}],"predecessor-version":[{"id":6828,"href":"https:\/\/www.archiviostoricodiocesibg.it\/en\/wp-json\/wp\/v2\/pages\/744\/revisions\/6828"}],"up":[{"embeddable":true,"href":"https:\/\/www.archiviostoricodiocesibg.it\/en\/wp-json\/wp\/v2\/pages\/233"}],"wp:attachment":[{"href":"https:\/\/www.archiviostoricodiocesibg.it\/en\/wp-json\/wp\/v2\/media?parent=744"}],"curies":[{"name":"wp","href":"https:\/\/api.w.org\/{rel}","templated":true}]}}

<img loading="lazy" decoding="async" class="aligncenter size-full wp-image-738" alt="Tesi-Pagliaroli" src="http://www.archiviostoricodiocesibg.it/blog/wp-content/uploads/2013/03/Tesi-Pagliaroli.png" width="208" height="308" /></p>
<h3>Nascita e sviluppo delle organizzazioni operaie e contadine a Bergamo e provincia (1860-1910)</h3>
<p><strong>Autore</strong></p>
<blockquote>
<p style="text-align: justify">Pagliaroli Stefano è nato ad Alzano Lombardo il 25 maggio 1982. Dopo gli studi obbligatori, ha frequentato il Liceo Edoardo Amaldi di Alzano Lombardo. Conseguita la maturità, si si è iscritto al corso di laurea triennale in scienze storiche presso l&#8217;Università degli Studi di Milano, dove, ottenuta la laurea triennale, ha proseguito nel suo percorso di studi, iscrivendosi al corso di laurea magistrale in storia e documentazione storica. Si è laureato nell&#8217;anno accademico 2009/2010.</p>
</blockquote>
<p><strong>Abstract</strong></p>
<blockquote>
<p style="text-align: justify">In questo suo scritto l&#8217;autore cerca di offrire una panoramica delle organizzazioni operaie e contadine che sorsero sul territorio di Bergamo e provincia, nel periodo compreso tra il 1860 e il 1910; periodo durante il quale vennero gettate le basi dei due movimenti sindacali &#8220;bianco&#8221; e &#8220;rosso&#8221;. La fitta rete che venne creata era infatti composta da due componenti: quella cattolica, che sarà predominante, e quella socialista, che, benché marginale, seppe ritagliarsi un suo spazio di manovra.<br />
Nel lavoro di ricerca è stato di fondamentale importanza, per quanto concerne le organizzazioni promosse dai cattolici, il Fondo Nicolò Rezzara che si trova presso l&#8217;Archivio Storico della Diocesi di Bergamo, il quale contiene importanti documenti quali: una vasta raccolta di Statuti di molte associazioni promosse dai cattolici; bollettini di associazioni varie; elenchi e statistiche redatte dalle varie unioni.</p>
</blockquote>
<div class='hr '></div>
<p><a href="http://www.archiviostoricodiocesibg.it/blog/wp-content/uploads/2013/03/Pagliaroli-Indice-introduzione1.pdf">Scarica l&#8217;indice e l&#8217;introduzione</a>

<p>Nascita e sviluppo delle organizzazioni operaie e contadine a Bergamo e provincia (1860-1910) Autore Pagliaroli Stefano è nato ad Alzano Lombardo il 25 maggio 1982. Dopo gli studi obbligatori, ha frequentato il Liceo Edoardo Amaldi di Alzano Lombardo. Conseguita la maturità, si si è iscritto al corso di laurea triennale in scienze storiche presso l&#8217;Università [&hellip;]</p>
