{"id":774,"date":"2013-03-14T17:27:45","date_gmt":"2013-03-14T16:27:45","guid":{"rendered":"http:\/\/www.archiviostoricodiocesibg.it\/blog\/?page_id=774"},"modified":"2024-03-28T17:59:29","modified_gmt":"2024-03-28T16:59:29","slug":"tesi-francesca-magnoni","status":"publish","type":"page","link":"https:\/\/www.archiviostoricodiocesibg.it\/en\/studi\/tesi\/tesi-francesca-magnoni\/","title":{"rendered":"Tesi &#8211; Francesca Magnoni"},"content":{"rendered":"<img loading=\"lazy\" decoding=\"async\" class=\"aligncenter size-full wp-image-737\" alt=\"Tesi-Magnoni\" src=\"http:\/\/www.archiviostoricodiocesibg.it\/blog\/wp-content\/uploads\/2013\/03\/Tesi-Magnoni.png\" width=\"208\" height=\"308\" \/><\/p>\n<h3>Due canoniche, un capitolo, un vescovo: la cattedrale di Bergamo nel periodo avignonese. Una storia urbana?<\/h3>\n<p><strong>Autore<\/strong><\/p>\n<blockquote>\n<p style=\"text-align: justify\">Nata a Bergamo nel 1982, Francesca Magnoni ha concluso con questa tesi, nel luglio 2011, il Dottorato di ricerca presso la Scuola di <em>Humanae Litterae<\/em> dell\u2019Universit\u00e0 degli Studi di Milano (tutor prof. G.Chittolini). In precedenza si era laureata in Scienze Storiche presso l\u2019Universit\u00e0 degli Studi di Milano (a. a. 2004-05) con una tesi dal titolo <em>La famiglia Suardi a Bergamo nel XIII secolo<\/em>, e nel 2007 ha concluso la laurea magistrale in Storia e documentazione storica presso la stessa Universit\u00e0, con una ricerca dal titolo <em>Progetti di rinnovo della Lega italica<\/em>. Il carteggio tra Milano e Roma: 1466-1470. Nel 2009 ha conseguito il diploma di Archivistica, paleografia e diplomatica presso l\u2019Archivio di Stato di Milano.<\/p>\n<\/blockquote>\n<p><strong>Abstract<\/strong><\/p>\n<blockquote>\n<p style=\"text-align: justify\">Si \u00e8 cercato con questo lavoro di indagare le specificit\u00e0 di una chiesa locale, colta attraverso una delle sue istituzioni, il capitolo appunto, nel XIV secolo. Si \u00e8 voluto porre in rilievo la vivacit\u00e0 interna del capitolo cittadino, diviso tra due canoniche, quella di Sant&#8217;Alessandro e quella di San Vincenzo, ma anche al suo interno, studiato nel rapporto dialettico con il vescovo e la realt\u00e0 politica urbana. Si \u00e8 inoltre posta in rilievo quella religiosit\u00e0 civica che faceva capo al culto del Santo patrono, valutando la capacit\u00e0 dei capitoli di coordinarla attorno all&#8217;<em>ecclesia maior<\/em>. Un&#8217;attenzione al dato prosopografico ha cercato di porre in luce singole personalit\u00e0 di canonici, colti nelle loro reti di relazioni urbane ed extraurbane. Il lavoro \u00e8 stato condotto utilizzando documentazione conservata nell&#8217;Archivio Capitolare, assai eterogenea quanto a forme e contenuti: registri di imbreviature notarili, pergamene, statuti capitolari, sinodi e visite episcopali, lettere papali, scritture capitolari su quaderno. La storia del capitolo della Chiesa di Bergamo fu, nell&#8217;epoca considerata, anche storia di un articolato sistema amministrativo che dovette fondare sulle scritture contabili, sulla loro elaborazione e conservazione, la propria stabilit\u00e0 ed efficienza organizzativa.<\/p>\n<\/blockquote>\n<p style=\"text-align: justify\"><div class='hr '><\/div>\n<p style=\"text-align: justify\"><a href=\"http:\/\/www.archiviostoricodiocesibg.it\/blog\/wp-content\/uploads\/2013\/03\/Magnoni-indice-e-introduzione1.pdf\">Scarica l&#8217;indice e l&#8217;introduzione<\/a><\/p>","protected":false},"excerpt":{"rendered":"<p>Due canoniche, un capitolo, un vescovo: la cattedrale di Bergamo nel periodo avignonese. Una storia urbana? Autore Nata a Bergamo nel 1982, Francesca Magnoni ha concluso con questa tesi, nel luglio 2011, il Dottorato di ricerca presso la Scuola di Humanae Litterae dell\u2019Universit\u00e0 degli Studi di Milano (tutor prof. G.Chittolini). In precedenza si era laureata [&hellip;]<\/p>\n","protected":false},"author":2,"featured_media":0,"parent":233,"menu_order":8,"comment_status":"closed","ping_status":"closed","template":"","meta":{"footnotes":""},"class_list":["post-774","page","type-page","status-publish","hentry"],"_links":{"self":[{"href":"https:\/\/www.archiviostoricodiocesibg.it\/en\/wp-json\/wp\/v2\/pages\/774","targetHints":{"allow":["GET"]}}],"collection":[{"href":"https:\/\/www.archiviostoricodiocesibg.it\/en\/wp-json\/wp\/v2\/pages"}],"about":[{"href":"https:\/\/www.archiviostoricodiocesibg.it\/en\/wp-json\/wp\/v2\/types\/page"}],"author":[{"embeddable":true,"href":"https:\/\/www.archiviostoricodiocesibg.it\/en\/wp-json\/wp\/v2\/users\/2"}],"replies":[{"embeddable":true,"href":"https:\/\/www.archiviostoricodiocesibg.it\/en\/wp-json\/wp\/v2\/comments?post=774"}],"version-history":[{"count":1,"href":"https:\/\/www.archiviostoricodiocesibg.it\/en\/wp-json\/wp\/v2\/pages\/774\/revisions"}],"predecessor-version":[{"id":6832,"href":"https:\/\/www.archiviostoricodiocesibg.it\/en\/wp-json\/wp\/v2\/pages\/774\/revisions\/6832"}],"up":[{"embeddable":true,"href":"https:\/\/www.archiviostoricodiocesibg.it\/en\/wp-json\/wp\/v2\/pages\/233"}],"wp:attachment":[{"href":"https:\/\/www.archiviostoricodiocesibg.it\/en\/wp-json\/wp\/v2\/media?parent=774"}],"curies":[{"name":"wp","href":"https:\/\/api.w.org\/{rel}","templated":true}]}}

<img loading="lazy" decoding="async" class="aligncenter size-full wp-image-737" alt="Tesi-Magnoni" src="http://www.archiviostoricodiocesibg.it/blog/wp-content/uploads/2013/03/Tesi-Magnoni.png" width="208" height="308" /></p>
<h3>Due canoniche, un capitolo, un vescovo: la cattedrale di Bergamo nel periodo avignonese. Una storia urbana?</h3>
<p><strong>Autore</strong></p>
<blockquote>
<p style="text-align: justify">Nata a Bergamo nel 1982, Francesca Magnoni ha concluso con questa tesi, nel luglio 2011, il Dottorato di ricerca presso la Scuola di <em>Humanae Litterae</em> dell’Università degli Studi di Milano (tutor prof. G.Chittolini). In precedenza si era laureata in Scienze Storiche presso l’Università degli Studi di Milano (a. a. 2004-05) con una tesi dal titolo <em>La famiglia Suardi a Bergamo nel XIII secolo</em>, e nel 2007 ha concluso la laurea magistrale in Storia e documentazione storica presso la stessa Università, con una ricerca dal titolo <em>Progetti di rinnovo della Lega italica</em>. Il carteggio tra Milano e Roma: 1466-1470. Nel 2009 ha conseguito il diploma di Archivistica, paleografia e diplomatica presso l’Archivio di Stato di Milano.</p>
</blockquote>
<p><strong>Abstract</strong></p>
<blockquote>
<p style="text-align: justify">Si è cercato con questo lavoro di indagare le specificità di una chiesa locale, colta attraverso una delle sue istituzioni, il capitolo appunto, nel XIV secolo. Si è voluto porre in rilievo la vivacità interna del capitolo cittadino, diviso tra due canoniche, quella di Sant&#8217;Alessandro e quella di San Vincenzo, ma anche al suo interno, studiato nel rapporto dialettico con il vescovo e la realtà politica urbana. Si è inoltre posta in rilievo quella religiosità civica che faceva capo al culto del Santo patrono, valutando la capacità dei capitoli di coordinarla attorno all&#8217;<em>ecclesia maior</em>. Un&#8217;attenzione al dato prosopografico ha cercato di porre in luce singole personalità di canonici, colti nelle loro reti di relazioni urbane ed extraurbane. Il lavoro è stato condotto utilizzando documentazione conservata nell&#8217;Archivio Capitolare, assai eterogenea quanto a forme e contenuti: registri di imbreviature notarili, pergamene, statuti capitolari, sinodi e visite episcopali, lettere papali, scritture capitolari su quaderno. La storia del capitolo della Chiesa di Bergamo fu, nell&#8217;epoca considerata, anche storia di un articolato sistema amministrativo che dovette fondare sulle scritture contabili, sulla loro elaborazione e conservazione, la propria stabilità ed efficienza organizzativa.</p>
</blockquote>
<p style="text-align: justify"><div class='hr '></div>
<p style="text-align: justify"><a href="http://www.archiviostoricodiocesibg.it/blog/wp-content/uploads/2013/03/Magnoni-indice-e-introduzione1.pdf">Scarica l&#8217;indice e l&#8217;introduzione</a></p>

<p>Due canoniche, un capitolo, un vescovo: la cattedrale di Bergamo nel periodo avignonese. Una storia urbana? Autore Nata a Bergamo nel 1982, Francesca Magnoni ha concluso con questa tesi, nel luglio 2011, il Dottorato di ricerca presso la Scuola di Humanae Litterae dell’Università degli Studi di Milano (tutor prof. G.Chittolini). In precedenza si era laureata [&hellip;]</p>
